Determine z(-8).
17
Suppose -2*y = -8, -41 = -16*d - 4*y + 23. Let c(w) be the third derivative of w**d + 14*w**2 + 1/4*w**4 + 1/120*w**6 + 0 + 0*w + 1/10*w**5. Calculate c(-5).
1
Let a(m) = m**3 + 5*m**2 + 4*m + 26. Suppose 4*o + 19 = -u, 16*o + 3*u + 22 = 11*o. Determine a(o).
6
Let s(d) = d - 4. Let k be s(9). Let b(q) = q**2 - 2*q - 1. Let i(n) = -4*n**2 + 6*n - 5. Let y(z) = 5*b(z) + i(z). Calculate y(k).
-5
Let p(t) = -t + 2. Let u be p(-5). Let m(x) be the second derivative of -x**3/6 + x**2 + 64*x. What is m(u)?
-5
Let c(i) be the first derivative of i**4/4 - 7*i**3/3 - 4*i**2 + 13*i - 1323. Determine c(8).
13
Let o(g) be the second derivative of 3*g**3 + 215*g**2/2 + 20*g + 4. Give o(-12).
-1
Let a(v) = 68*v**2 - 21*v**2 - 4 - 1 - 15*v**2 - 39*v**2. What is a(-2)?
-33
Let g(y) = 42*y - 1383. Let j be g(33). Let r(k) be the second derivative of -1/6*k**j - 13*k + 0 + 1/2*k**2. Give r(8).
-7
Let p(o) = -o**3 - 15*o**2 - 22*o - 32. Let a = -1032 + 1019. Determine p(a).
-84
Let d(b) be the third derivative of b**6/360 - b**5/40 - b**4/8 + 161*b**3/3 - 206*b**2 + b. Let c(p) be the first derivative of d(p). Calculate c(3).
-3
Let x(r) = -294 + r**2 + 120 + r + 209 + 12*r. Determine x(-5).
-5
Suppose 0*k = -13*k + 273. Suppose 0*b = 2*b - 4*j + 16, 3*b + k = 3*j. Let x(m) = 8 - m**3 - 4*m**2 - 4*m**2 + 5*m + 3*m**2. What is x(b)?
14
Let v(d) = -d**3 - 9*d**2 - 7*d + 6. Suppose p + 2916 = 10*p. Suppose -q + 316 = p. Calculate v(q).
-2
Suppose 26 = y + 23. Suppose 4*f = 4*i + 4, 0 = -6*f + y*f + 15. Let b(v) = -4*v - 1. What is b(i)?
-17
Let a(s) be the third derivative of -s**6/720 + 7*s**5/120 - 5*s**4/12 + s**3/2 - s**2 - 1. Let x(n) be the second derivative of a(n). Give x(-7).
14
Let u(m) = 3*m + 33. Let h(a) = -a - 6. Let p(k) = 2*h(k) + u(k). What is p(-20)?
1
Let b be 3 + (1 - 6) + 2. Let p(q) be the third derivative of q**6/720 + q**5/120 + q**4/3 - 19*q**2. Let h(l) be the second derivative of p(l). Give h(b).
1
Let j(w) = -20*w - 1. Let x(m) = -59*m + 8. Let u(f) = -3*j(f) + x(f). Suppose -2*g - 7 = 3. Calculate u(g).
6
Let g = 7396 + -7402. Let n(z) = -z**3 - 8*z**2 - 8*z - 3. Determine n(g).
-27
Let o(r) be the third derivative of r**5/20 - r**4/12 + r**3/6 + 759*r**2. What is o(1)?
2
Let r(g) = -g**3 + 19*g + 6. Let o be ((-3)/(-2))/((-27)/72). Calculate r(o).
-6
Let u(h) = -h**2 + 6*h. Let w be (-1)/(7/315*-3). Let n(b) = -b**2 + 14*b + 20. Let v be n(w). Determine u(v).
5
Let i be 1 + -6 + 11*420/154. Suppose -4*c + b + i - 16 = 0, 3*c - 12 = -b. Let l(s) = -2*s - s**2 + 0*s + s**3 + 2 - 3*s. Determine l(c).
5
Let r(x) = -2*x**2 + 24*x - 25. Let i be r(10). Let d(v) = i - 52*v**2 + 55*v**2 - 11 + 4*v. Give d(-3).
19
Suppose 5*c + 2*z - 15 = 0, 97 = -c + 2*z + 88. Let n(g) be the third derivative of -g**5/12 + g**4/24 - g**3/6 - g**2. What is n(c)?
-5
Let n = 10 - 2. Let u(r) = -3 + 1 + 5 + n*r + 6*r. Determine u(-2).
-25
Let f = 64 + -62. Suppose -f*t + 1 + 5 = 0. Let l(p) = 7*p - 4. What is l(t)?
17
Let c(d) = -6103*d + 12197*d + d**2 + 9 - 6106*d. Calculate c(7).
-26
Suppose -b = 2*t - 9, 5*b - 18 = -2*t + b. Let z(m) = 1 - 2*m - 2*m + 2*m**3 - 3*m**2 + 0*m**3 - m**t. Suppose 0 = -i - 3*i + 12. What is z(i)?
-11
Suppose 7*v - 12 = 3*v. Suppose 0 = -v*i + 28 + 5. Let s(q) = q - 14. Give s(i).
-3
Let u(g) = -g**2 - 31*g - 57. Let f be u(-29). Let i(z) = z + 2. Let l(w) = -w + 3. Let t(j) = f*i(j) + 3*l(j). Calculate t(10).
-9
Let v(w) = 7*w + 9. Let y(h) = 479 - 19*h + 473 - 980. Let p(u) = 11*v(u) + 4*y(u). Suppose -f = 3*f. What is p(f)?
-13
Let a(v) = 3*v - v - 3*v + 5. Let t = 27082 - 27087. Calculate a(t).
10
Let g(z) = z**3 - 13*z**2 - 14*z - 4. Let u be g(14). Let k(i) = 15*i**3 + i**2 + 4. Let x(r) = 16*r**3 + r**2 + 5. Let c(m) = u*x(m) + 5*k(m). Determine c(-1).
-10
Let m = 15980 + -15969. Let p(j) = -j**3 + 5*j**3 - 7 + 10*j**2 - 5*j**3 + 12*j. Calculate p(m).
4
Let v(g) = -g**3 - 1 + 0*g**2 - 2*g**2 - 1. Let t(o) = -7*o**2 - 29*o + 54. Let r be t(-14). Let z = r + 909. Calculate v(z).
7
Let u(k) be the first derivative of 5*k**2 + 36*k - 1184. Give u(-6).
-24
Let j(w) = w**2 + 3*w - 304. Suppose 0 = i + 6*g - 30 + 32, 0 = 3*g + 9. Calculate j(i).
0
Suppose 4 = 56*h - 60*h, 0 = -c + h - 24. Let u(o) = o**2 + 25*o + 7. Determine u(c).
7
Let p(m) = -2*m**2 + 4*m + 29. Let s(g) = -3*g**2 + 4*g + 6. Let z be s(0). What is p(z)?
-19
Let x(f) = -f**2 - 1. Let a(q) = 7*q**2 - 3*q + 3. Let y(i) = -a(i) - 6*x(i). Suppose 4*v + 37*v + 3288 = 863*v. Determine y(v).
-1
Let c(d) = -d**3 + 21*d**2 - 85*d + 1785. Let n be c(21). Let h(f) be the second derivative of -33*f - 1/6*f**4 - 3/20*f**5 + 0 + 1/6*f**3 + n*f**2. Give h(1).
-4
Let p(c) be the first derivative of 7*c + 20 + 0*c**2 + 7/3*c**3 + 1/4*c**4. Suppose -36 = 4*j - 2*h, -2*h + 3 - 9 = 2*j. Calculate p(j).
7
Let m(l) be the third derivative of l**6/120 + l**5/12 - 5*l**4/24 - l**3/6 + 3*l**2 + 205. What is m(-6)?
-7
Let j(x) be the first derivative of 9*x**2/2 + 46*x - 449. Determine j(-6).
-8
Let x(d) = 11*d**2 + 90*d + 6. Suppose 9*z - 7*z = 5*z + 24. Give x(z).
-10
Suppose 26 = 86*k + 8 - 68. Let q(z) = -71*z**2 + z - 1. Calculate q(k).
-71
Let i(g) = 29*g + 1. Let y = 13633 - 13636. Determine i(y).
-86
Let r be 93/4 - (-180)/240. Let y(g) = -g**3 + 25*g**2 - 18*g - 139. Determine y(r).
5
Let m(i) be the third derivative of -i**6/120 - 13*i**5/60 + i**4/4 + 5*i**3/3 + 2*i**2 - 335*i. Give m(-13).
-68
Let h(l) = -2*l**2 + 483*l**3 + 1487 - 974*l**3 - 2*l + 496*l**3 - 1487. Let s be 0 - ((-1)/(-1) + -3). Determine h(s).
28
Let c = 2008 + -2012. Let s(q) be the first derivative of -q**3/3 - q**2 - q + 2. Give s(c).
-9
Let z(f) = -46*f**2 - 9*f + 0 - 8 - 17 + 8. Let r(d) = 16*d**2 + 3*d + 6. Let l(o) = 11*r(o) + 4*z(o). Determine l(-2).
-28
Let h(n) = -500*n + 31. Let y(w) = 143*w - 10. Let q(z) = 2*h(z) + 7*y(z). Determine q(11).
3
Let l(z) = z**2 + 9*z + 4. Let a be (8/3)/((-2)/(-33)). Suppose 110*x - 249*x + 126 = -125*x. Suppose a = -2*k - x*k. What is l(k)?
-16
Let l(n) = -2*n + 54*n - 7*n + 39 - 61*n. Calculate l(9).
-105
Let q(n) be the first derivative of -n**3/3 - n**2/2 + n - 1. Let d = 295 + -280. Let o be 40/d*(-9)/6. Give q(o).
-11
Let g(m) = -m**2 - m - 5. Let t(o) be the first derivative of o**4/4 + 4*o**3/3 + 2*o**2 + 51. Let b be t(-2). Determine g(b).
-5
Let j(o) = -47 - 15*o**2 - 13 - 37*o + 14*o**2. Give j(-35).
10
Let s(d) = d**3 - 38*d**2 - 39*d + 5. Let c be 33/(-3) + (-500)/(-10). Determine s(c).
5
Suppose 166*j - 154*j + 144 = 0. Let v(g) = g**3 + 11*g**2 - 9*g + 27. Give v(j).
-9
Let g = -43 + 53. Suppose g*u - 156 = 6*u. Let x be 0 + 0 - u/(-13). Let t(b) = -b**2 + 4*b + 2. Calculate t(x).
5
Let n(c) be the third derivative of c**6/120 - 7*c**5/30 - 2*c**4/3 + 17*c**3/3 - 3*c**2 + 89. Give n(15).
19
Suppose 0 = -118*x + 503 - 610 - 719. Let c(n) = -8*n + 13. Determine c(x).
69
Let z = 303 - 318. Let c(p) = p**3 + 17*p**2 + 29*p - 37. Let t be c(z). Let u(x) = x**2 + 22*x + 1. Give u(t).
1
Let s(b) = 2*b**3 - 12*b**2 - 3*b - 76. Let j be 1/(-2)*(1 - 5) + 5. Calculate s(j).
1
Let y = -56860 + 56863. Let q(c) = -2*c**3 + 5*c**2 - c - 4. Let k(o) = -o**3 + 2*o**2 - 2. Let f(b) = -5*k(b) + 3*q(b). Determine f(y).
7
Suppose 32*q + 71 = -51*q + 12*q. Let f(s) = -7*s**3 - 2*s - 3. Determine f(q).
6
Let a(y) be the third derivative of y**5/15 + y**4/4 - 4422*y**2. Calculate a(-4).
40
Let a(b) = 10*b + 10. Suppose 5744*n - 5765*n = -117 + 12. Calculate a(n).
60
Let u(h) be the first derivative of 2*h**3/3 - 3*h**2/2 - 2*h - 3717. Let x(i) = i**2 + 6*i + 4. Let c be x(-6). What is u(c)?
18
Let x be 8 + (7 + 4)*-1. Let d(q) = -11*q**2 + 16*q + 9. Let j(y) = 18*y**2 - 31*y - 18. Let a(p) = x*j(p) - 5*d(p). Calculate a(-10).
-21
Let j(g) = 9*g**2 - 12*g + 11. Let v(p) = -5*p**2 + 6*p - 5. Suppose -39 + 25 = -2*m. Let n(s) = m*v(s) + 4*j(s). Calculate n(6).
9
Let b be 2/(-4)*(19/2)/(73/(-292)). Let w(o) = -2*o**2 + 37*o + 16. Calculate w(b).
-3
Let z be 560/(-420)*(3 - 6/4). Let j(v) = 15*v**2 + 3*v + 5. Give j(z).
59
Suppose -73*b + 14 = -66*b. Let i(k) = -6 + 9 - 3*k - b*k + 11 + 0*k. Calculate i(6).
-16
Let k(l) = 439 + 145 - 582 + 55*l. What is k(2)?
112
Let d(b) = -16*b - 286. Let f be d(-18). Let l(q) = -4*q. Let t(s) = 2*s + 3*s - 8*s. Let k(i) = 